3
Let i(u) = -9*u - 1. Let o be i(1). Let b = 32 - o. Calculate the highest common divisor of b and 21.
21
Let d = 2 + -5. Let y be 3 + -1 + (-19 - d). Let b be (-122)/y + (-6)/(-21). What is the greatest common factor of 81 and b?
9
Suppose -8 = 2*q + 8. Let v(y) = y**2 + 5*y - 6. Let c be v(q). What is the greatest common factor of c and 27?
9
Let m be 1911/14 - (-3)/(-2). What is the highest common divisor of m and 15?
15
Let b = 33 + -19. Suppose 3*w - 10 - 36 = 2*a, 0 = w - 2*a - b. What is the greatest common divisor of 48 and w?
16
Let u = 25 - 22. Let g be (-34)/(-8) + 3/(-12). Suppose -g*d = 7 - 19. What is the greatest common divisor of d and u?
3
Suppose -3*k + 9 + 3 = 0. Let b be -45*(3 - k) - 0. What is the highest common divisor of 30 and b?
15
Suppose -252 = 5*v - 8*v. What is the highest common divisor of v and 126?
42
Suppose -2*o + 4*d = -66 + 14, -2*o + 3*d + 52 = 0. Let a(b) = -259*b**3 + 1. Let v be a(-1). What is the highest common factor of v and o?
26
Let p = -11 - -46. Let t be 1/4 + 33/12. Suppose 0*w - t*w = -21. What is the greatest common factor of p and w?
7
Suppose 3*a - 4*a = -30. What is the greatest common factor of 12 and a?
6
Let f = 3 + 0. Suppose -w - f*v = 3, 0 = -7*v + 3*v - 8. Calculate the highest common divisor of 1 and w.
1
Let o be 1164/(-42) - (-2)/(-7). Let i(q) = -44*q**2 + q - 1. Let b be i(1). Let k = o - b. Calculate the highest common divisor of k and 144.
16
Suppose 12*y = -112 + 388. Calculate the highest common factor of y and 253.
23
Let c = 11 - 9. What is the highest common divisor of 2 and c?
2
Let r be (-1 + 2)*1*(-14)/(-2). Let o = 13 + -6. What is the highest common factor of r and o?
7
Let w = 1 - -2. Suppose 3*i - r - 77 = 0, 2*i - 39 = i + w*r. What is the greatest common factor of i and 3?
3
Let d = -5 + 7. What is the highest common divisor of d and 3?
1
Let d be (-2)/13 + 0 + 1834/91. What is the highest common factor of d and 10?
10
Let g(p) = -2*p - 1. Let f be g(-11). Let w be f*2*1/6. What is the highest common factor of w and 21?
7
Suppose 1 = -5*w - 9. Let m be w/5*-1*30. What is the greatest common factor of 12 and m?
12
Suppose -q = -15*q + 42. What is the highest common factor of 1 and q?
1
Let j be (-23)/(-4) - 4/(-16). Suppose j*m - 14 = 5*m. What is the highest common factor of m and 112?
14
Suppose 5*z + 3*c - 64 = z, -4*c - 36 = -4*z. Suppose 241 = 2*g - 5*j + 84, -15 = -3*j. What is the greatest common divisor of z and g?
13
Let w be (-93)/6 - 2/(-4). Let u = 17 + w. What is the greatest common divisor of u and 2?
2
Let a be (-816)/(-18) + (-2)/6. Let v be (a/(-36))/((-2)/24). Let h(s) = -166*s - 1. Let d be h(-1). Calculate the greatest common divisor of v and d.
15
Let f = 521 + -313. Calculate the highest common factor of f and 16.
16
Suppose v = 2*f - 70, -2*v - 3 = 1. What is the highest common divisor of f and 238?
34
Let p(z) = -3*z**3 - z**2 + z + 4. Let l be p(-2). Calculate the highest common factor of l and 55.
11
Suppose -3*a - 11 = -44. Let h = 12 - 1. Calculate the highest common factor of h and a.
11
Let t(u) be the second derivative of -u**3/2 + 7*u**2/2 - 3*u. Let m be t(-7). Calculate the greatest common divisor of m and 42.
14
Suppose -y + 26 = 9. Suppose 12 = 2*i + 2. Suppose -i*w = -3*w - 170. Calculate the highest common factor of y and w.
17
Suppose -4*z + 4 = -0. Let u be -11 + (z - 1) + 2. Let a = 1 - u. What is the highest common factor of 110 and a?
10
Let a(d) = 4*d**2 - 6*d + 26. Let m be a(7). What is the greatest common factor of 20 and m?
20
Let p be (2 + 7/(-2))*-6. Suppose 4*z - 18 = 270. Calculate the greatest common divisor of z and p.
9
Let k = 20 - -3. What is the highest common divisor of 69 and k?
23
Let n be 23 + 3 + -1 + -4. Calculate the greatest common divisor of n and 189.
21
Let u(z) = z + 3. Let y(h) = -1. Let g(l) = -2*u(l) - 9*y(l). Let x be g(-6). Calculate the greatest common divisor of x and 5.
5
Let k(j) = 6*j - 14. Let x be k(4). What is the greatest common factor of x and 25?
5
Let w(c) = -4*c**3 - 3*c**2 + 3*c + 1. Let n be w(-3). Let h = n - 31. Suppose s - h = 12. Calculate the highest common factor of 36 and s.
18
Let f = -149 + 248. What is the greatest common divisor of f and 9?
9
Let o = 3 - 6. Let r be -11*(o - (-3)/3). Let g be (1 - -1) + r*4. What is the highest common factor of 36 and g?
18
Let n(k) = -6*k. Let s(l) = -2*l**2 + l + 1. Let c be s(-2). Let z be 4*(c/6)/3. Let x be n(z). Calculate the greatest common factor of x and 84.
12
Suppose -3*m + 7*m - 114 = -2*z, -5*m - 280 = -4*z. Let p = 6 - -7. Let o be p - ((0 - -1) + -1). What is the greatest common divisor of z and o?
13
Let i be 5 + 52/(-65) + (-9)/(-5). What is the highest common divisor of 9 and i?
3
Suppose 0 = -2*j + 3 + 3, -y = 3*j - 40. Let h = y - -4. Let a be 4 + -1 - (2 + -4). What is the greatest common factor of a and h?
5
Let r(x) = 12*x**2 + 2. Let i be r(-2). What is the greatest common factor of 75 and i?
25
Suppose 0 = 5*f - 25, -2*f - 55 = -4*t - t. Let k = 6 - 1. Suppose -k*b = -3*c + 109 - 2, -2*c + b + 76 = 0. Calculate the greatest common factor of c and t.
13
Suppose 0*w = 3*w - 108. Let h be (-20)/((-6)/27*1). Calculate the highest common factor of w and h.
18
Let g be (-1 - 24/16)*(-36)/5. What is the highest common divisor of 90 and g?
18
Let l = 74 + 66. Calculate the highest common factor of l and 20.
20
Suppose -h + 3 = -5. What is the greatest common factor of h and 4?
4
Suppose t = -6*g + 3*g + 1, 5*g = -5*t - 5. Let f be (-21)/t*16/6. Calculate the greatest common divisor of 14 and f.
14
Let r(x) = x**3 + 12*x**2 + 4*x - 14. Let n be r(-11). Calculate the greatest common factor of 7 and n.
7
Let q = 18 + -11. Let c = 71 - -26. Let t = -41 + c. What is the highest common factor of t and q?
7
Suppose 4*o - 20 = 0, 2*m + 2*m + 3*o - 79 = 0. Calculate the greatest common divisor of 48 and m.
16
Let v(l) = 9*l - 30. Let i be v(14). Calculate the highest common divisor of 12 and i.
12
Let a = 1 + 4. Suppose 0 = -i - 2 + a. Calculate the highest common factor of i and 27.
3
Suppose -o + 9 = -3*m + 83, 52 = 2*m - 2*o. Let u be 105/4 - (-18)/m. What is the highest common divisor of u and 243?
27
Let m(f) = f**2 + 6*f + 8. Let q = -19 + 11. Let x be m(q). Let y be -1 - 2/(-2)*37. What is the greatest common factor of x and y?
12
Let o(w) = w**3 - 7*w**2 + 7*w - 5. Let p be o(6). Let b be (p/(-2))/(2/(-120)). Calculate the highest common divisor of 12 and b.
6
Suppose 0 = 2*p - 3 + 1, -4*l - 5*p = -45. Suppose f = 6*f - 50. What is the highest common factor of f and l?
10
Let m be 3/(-2)*(-40)/4. Suppose 3*l + 5*j = 45 + 8, -m = -l - 3*j. What is the greatest common divisor of 14 and l?
7
Suppose 3*i + w = 87, 0 = 2*i - 0*w + w - 57. What is the highest common divisor of 12 and i?
6
Let y be 980/55 + (-2)/(-11). What is the highest common factor of 162 and y?
18
Suppose 4*r - 105 = 5*n, 3*r - 40 = 2*n - 6*n. Let b be r/28 - (-2)/7. Let h be (33 - -3) + b - 3. What is the highest common factor of 17 and h?
17
Let j = -106 - -201. Calculate the highest common divisor of j and 19.
19
Suppose -3*a - 8 = -a, 2 = 2*g + a. Suppose -g*m - 73 = -2*u, 0 = 2*u + 2*m - 21 - 57. Let b = -22 + u. What is the greatest common factor of b and 32?
16
Let q be (-1 - -32) + 3 + 0. Calculate the greatest common factor of q and 374.
34
Let t(q) = 2*q**3 - 3*q**2 + 3*q - 3. Let r be t(2). Suppose -r = -g - 3. Let y be 7/2*2*g. Calculate the highest common factor of 4 and y.
4
Let n be (-74)/(-4) - (-2)/(-4). Let f be 1*6*(11 - 2). What is the highest common factor of f and n?
18
Suppose -2*p = -2*o - 2*o + 696, 0 = -p + 4. What is the highest common factor of 22 and o?
22
Let i be (-120)/(-1) + 0/1. Let z(x) = 5*x**2 + 3*x + 1. Let j be z(-2). What is the highest common divisor of j and i?
15
Let s(m) be the first derivative of -3*m**2/2 + m - 3. Let t be s(-5). Let j = 34 + 6. Calculate the highest common divisor of t and j.
8
Suppose -2*p + h - 5*h + 122 = 0, 2*p - 2*h - 92 = 0. Suppose n - p - 39 = 0. Calculate the highest common divisor of 10 and n.
10
Suppose 5*q - 584 = -44. Calculate the greatest common divisor of 27 and q.
27
Let j(r) = r**3 + 8*r**2 + 3*r + 8. Let h be j(-7). What is the greatest common factor of h and 9?
9